hest common divisor of 54 and t.
18
Let l(i) = i**2 + 11*i - 31. Let m be l(-13). Let t be (-597)/m - -3*(-1)/(-5). What is the greatest common factor of 24 and t?
24
Suppose 20 = -5*r - 3*y - y, 4*y + 20 = -3*r. Suppose r = 2*l - l - 19. Suppose -2*v + l = 5. Calculate the highest common divisor of 21 and v.
7
Suppose -a + 113 = 3*t, 6*t = -a + t + 119. Calculate the greatest common factor of 40 and a.
8
Let y = -102 - -197. Let l be (7 + -5)/((-296)/76 - -4). What is the highest common divisor of y and l?
19
Let d(w) = 57*w**2 - 12*w + 20. Let s be d(2). Calculate the greatest common factor of 14 and s.
14
Suppose 0 = 19*n + 6*n - 425. Calculate the highest common divisor of 221 and n.
17
Let o = -1 + 22. Suppose 5*z - 3*z + 3*w = 3, -5*w = 4*z - 7. What is the highest common divisor of z and o?
3
Suppose 4*i + 6 - 10 = 0, -4*j = 2*i - 186. Calculate the greatest common divisor of j and 598.
46
Suppose 13*i + 5*f = 11*i + 137, -197 = -3*i + f. Calculate the greatest common divisor of i and 231.
33
Suppose -63 - 245 = -b. What is the highest common factor of b and 56?
28
Suppose 3*m - 268 = 4*o + 124, -135 = -m - 3*o. What is the highest common divisor of 33 and m?
33
Let y be 2/((-5 + 0)/(-5)). Suppose -2*h = y*h. Suppose 0 = 5*j - 3*u + 2*u - 18, h = 4*u - 8. Calculate the greatest common divisor of j and 4.
4
Let p = -397 + 701. Suppose 2*i = -52 + p. Calculate the greatest common factor of 14 and i.
14
Suppose 10*h - 152 = -9*h. What is the highest common factor of 436 and h?
4
Let n = 415 + -395. Calculate the highest common divisor of n and 220.
20
Let m(l) = 3*l + 46. Let n be m(-17). Let w be -5 - (1 + n - 13). Calculate the greatest common divisor of 9 and w.
3
Let x be 16/12 + 16/(-3). Let r be ((-156)/(-15))/(x/(-210)). Suppose -5*i + 2*i = -r. Calculate the highest common divisor of 26 and i.
26
Let x(n) = -n**3 - 29*n**2 - 2*n - 25. Let j be x(-29). What is the highest common factor of j and 77?
11
Suppose -g = -4*s - 6*g + 108, 4*g + 94 = 5*s. What is the greatest common factor of s and 22?
22
Let d = -31 + 33. Suppose 5*l = 2*l - w - d, 3*w + 16 = l. Calculate the highest common factor of 4 and l.
1
Let g(w) = 2*w**2 - 2*w + 135. Let y be g(0). Calculate the greatest common divisor of 15 and y.
15
Suppose 3*r - 28 = -2*h, -12*h + 8*h - 4 = -4*r. What is the greatest common factor of r and 576?
6
Let n = 161 + -80. Suppose -12*h + 3*h = -n. Calculate the greatest common divisor of h and 6.
3
Suppose 3*k - 711 = -5*i, 9*i + 447 = 12*i - 5*k. Calculate the greatest common factor of i and 32.
16
Let m = 4 - 4. Suppose -3*y + 2 + 4 = m. Suppose -y*h = -365 + 13. What is the greatest common factor of 22 and h?
22
Let h(a) = -a**3 + 6*a**2 + 2*a - 9. Let m be h(6). Suppose -175 = 245*x - 250*x. Suppose -24 = 11*b - x. Calculate the highest common factor of b and m.
1
Suppose -4*b - 15 = -11. Let x be b + (-1 - (-51 - 2)). Let s be (1 + 3)/(6/x). Calculate the highest common divisor of 17 and s.
17
Let k = 262 - -1086. Calculate the greatest common divisor of k and 4.
4
Let y(w) = 9*w**3 - 7*w**2 + 7*w - 25. Let i be y(3). Calculate the greatest common divisor of i and 22.
22
Let k be 1*(3 - 0)*1. Let f be k/6 - 76/(-8). What is the highest common divisor of f and 25?
5
Suppose 0 = -2*q + 3*a + 3333, -139*a + 140*a = 1. Calculate the greatest common factor of 24 and q.
12
Let i be 1/(-7 - 318/(-45)). What is the greatest common divisor of 375 and i?
15
Suppose -27*m + 9350 = -2*m. Calculate the highest common divisor of 34 and m.
34
Suppose -3*c + 36 = -2*o, -6*o + 2*o = -5*c + 60. Calculate the highest common factor of 1644 and c.
12
Suppose 0 = 49*i - 38*i - 88. Calculate the highest common divisor of 512 and i.
8
Suppose -700*k + 294 = -693*k. Calculate the highest common divisor of 21 and k.
21
Let d(j) = 19*j + 123. Let y be d(-5). Calculate the greatest common factor of 68 and y.
4
Suppose 0 = -39*n + 257 + 640. Suppose h - 82 = 733. Suppose 5*b = -3*f + 8*f + h, 2 = -f. Calculate the greatest common factor of b and n.
23
Let q be ((-177)/6 - 2)/(35/(-210)). Calculate the highest common divisor of q and 1449.
63
Let u be 1014/15 + (-5)/((-50)/4). Suppose 0 = -3*x + 3*y + 51, 3*y + 17 = 3*x - 2*x. What is the highest common factor of u and x?
17
Suppose 2*b = b + 2*o + 48, 51 = b - o. Suppose -f + 4*n = 8, -f - 58 = -5*f - 2*n. Suppose 0 = -8*a + 10*a - f. What is the highest common factor of b and a?
6
Suppose -9 = o - 4*o. Let a = 1340 - 1328. What is the highest common divisor of a and o?
3
Suppose 14*f = 15*f - 1. Let i(p) = 13*p - 7. Let m be i(f). What is the greatest common factor of 9 and m?
3
Let h(n) = n**3 + 10*n**2 + 3*n + 3. Let u be h(-8). Let c = 37 + u. Calculate the greatest common factor of 12 and c.
12
Suppose -6*j + 91 = -65. Suppose 72 = -j*a + 32*a. Let s be ((-13)/4 + 1)*-8. Calculate the highest common factor of a and s.
6
Let u = -7 + 26. Suppose t = 2*t + 1, 5*z = -t + 474. What is the highest common factor of u and z?
19
Let s = 815 - 551. What is the greatest common factor of 66 and s?
66
Let z(m) = -4*m + 6*m**3 + m - 3 - 6*m**3 + m**3 + 7*m**2. Let f be z(-5). What is the greatest common factor of 155 and f?
31
Suppose 0 = -81*j + 326 + 565. What is the highest common factor of 3 and j?
1
Let o = -2 + 23. What is the highest common factor of 567 and o?
21
Let l be (-36)/(-42) + 188*24/224. Let u = -19 + 28. Calculate the greatest common factor of l and u.
3
Let j(f) = f**3 + 9*f**2 - 12*f - 18. Let c be j(-8). What is the highest common divisor of c and 355?
71
Let j(n) = 2*n**2 + 4*n - 4. Let i be j(2). Let k = -56 - -116. What is the highest common divisor of k and i?
12
Suppose 9 = 3*f, k = 6*k + f - 113. Calculate the highest common factor of k and 8.
2
Suppose -17*l + 55*l - 25840 = 0. Calculate the highest common factor of l and 68.
68
Suppose -11*p - 3*g + 98 = -10*p, -5*g + 20 = 0. What is the greatest common divisor of p and 1247?
43
Suppose 0 = -4*q + 2*n + 1654, -408 = -q - 55*n + 50*n. Calculate the highest common divisor of 14 and q.
7
Let s be ((-20)/25)/(12/(-1530)*3). Let r be 66 + (-2 - 0 - -4). Calculate the highest common divisor of r and s.
34
Let g be 404/(-84)*-3 - 4/(-7). What is the greatest common divisor of 135 and g?
15
Suppose 4*c + 2*o - 16 = -0*o, -2*c + 5*o + 8 = 0. Suppose -c*m = 12, 0 = -4*v - 4*m + 4 + 4. Calculate the highest common divisor of v and 20.
5
Let p be 1*0/1 - -2. Suppose 4*q - 28 = -3*i, 4*i + 12 + 24 = p*q. Let f be (-52)/(-338) - 646/(-26). What is the highest common divisor of q and f?
5
Suppose p - 32 = 4*g, -3*g - g = -2*p + 80. What is the highest common divisor of p and 1392?
48
Let d = 1 + 3. Let z be (-232)/(0 - d) + -2. Suppose -w + 13 = -y, -2*y = -4*w + y + 47. What is the greatest common factor of z and w?
8
Suppose 50*z + 548 - 18598 = 0. Calculate the highest common divisor of 76 and z.
19
Suppose 0 = 179*r - 156*r - 14835. What is the greatest common factor of r and 30?
15
Let o(m) = 23*m - 3. Let i be (1 - 3)/((-2)/1). Let l be o(i). Calculate the greatest common divisor of l and 10.
10
Let r = 20 - -396. Calculate the highest common divisor of r and 26.
26
Suppose -53 = -u - s, 3*u + 4*s = 2*u + 47. Let v be 6 - (-4 + 20/4). Calculate the highest common factor of u and v.
5
Suppose 0*l = -3*f - 3*l + 69, -3*f - 2*l = -72. Suppose 0 = 26*q - 25*q - f. What is the greatest common factor of q and 208?
26
Let f be -1*5/(-4) + (-4288)/(-256). Suppose 0*d + d = 4. Suppose -3*h = i - 168, -4*i + 6*i - d*h = 316. Calculate the highest common divisor of f and i.
18
Suppose -4*f - 304 = 5*h, -2*f - 242 = -0*h + 4*h. Let x = h - -77. What is the greatest common factor of 119 and x?
17
Suppose -198 = -18*s + 7*s. What is the greatest common divisor of s and 342?
18
Let z(f) = -f**3 + f - 5. Let c be z(-3). Let j(x) = -47*x + 1. Let d be j(-2). Calculate the greatest common divisor of d and c.
19
Suppose 0 = -b - 0*b - 5*x + 29, -58 = -2*b + 5*x. Let w = -8500 - -8501. What is the highest common factor of w and b?
1
Let s be 20/(-6)*(-6)/5. Let y be (-3 - -2)/((-1)/s). Suppose 2*k + 9 = -5*l, 2*k - y*l - 12 = 3*k. Calculate the highest common factor of 1 and k.
1
Suppose -k - p + 28 = 0, 0 = 4*k - 2*p - 67 - 57. Let a be ((-8)/6)/(k/(-495)). Le